at is 5 - 2671?
-2664
In base 16, what is 16 + 12?
28
In base 8, what is 12 + -34?
-22
In base 9, what is 14861 - -3?
14864
In base 2, what is -110000 + -1111111?
-10101111
In base 16, what is 5 - -371?
376
In base 6, what is 14454 + 4?
14502
In base 7, what is -4611 + 0?
-4611
In base 16, what is -4 - e5?
-e9
In base 8, what is 7263 + 4?
7267
In base 12, what is -1 + -1a7?
-1a8
In base 12, what is 5 + 1baa?
1bb3
In base 7, what is -60 - 126?
-216
In base 15, what is -5 + -44?
-49
In base 15, what is -c + 3?
-9
In base 10, what is -224 - -3?
-221
In base 14, what is -91 + -74?
-125
In base 4, what is 11330 + -10?
11320
In base 4, what is 0 - -3013?
3013
In base 7, what is -16415 + -2?
-16420
In base 6, what is 5 - -10?
15
In base 3, what is -11 - -2011?
2000
In base 4, what is -3 - -12203?
12200
In base 3, what is 0 - 112000?
-112000
In base 16, what is 3 - -d?
10
In base 2, what is 1100 - -1011?
10111
In base 13, what is 171 + -3?
16b
In base 15, what is -313 + 4?
-30e
In base 6, what is 1142 - -10?
1152
In base 6, what is -12241 + 4?
-12233
In base 12, what is 5 - -814?
819
In base 6, what is -132 + -3?
-135
In base 14, what is 5 - -1c1?
1c6
In base 6, what is 43 - -3?
50
In base 3, what is -12 + 201001?
200212
In base 3, what is 102110 - 0?
102110
In base 8, what is -174 + 35?
-137
In base 5, what is 1 - 44?
-43
In base 12, what is -1 - 69?
-6a
In base 12, what is 5 + -3b?
-36
In base 3, what is -101111 - -11?
-101100
In base 3, what is 10 - -1000?
1010
In base 10, what is 3 - -2757?
2760
In base 5, what is -1 + -110?
-111
In base 13, what is -a20 - -5?
-a18
In base 11, what is -8741 + 5?
-8737
In base 5, what is -4 - 4420?
-4424
In base 11, what is 44 + -2?
42
In base 10, what is 1 + -17?
-16
In base 16, what is -2f6 - -3?
-2f3
In base 2, what is 11 + 1001000110?
1001001001
In base 3, what is -1120 - 2100?
-10220
In base 7, what is -54 - 5?
-62
In base 12, what is 315 - 1?
314
In base 11, what is 1 - -454?
455
In base 8, what is -412 - -1?
-411
In base 3, what is 1222 + 110?
2102
In base 4, what is -12213 + 13?
-12200
In base 16, what is -4 - -54?
50
In base 2, what is 11011 + -10000000001?
-1111100110
In base 4, what is -12 - 303?
-321
In base 10, what is -1 + -3245?
-3246
In base 8, what is -30 + -477?
-527
In base 11, what is 269 + -2?
267
In base 3, what is -120 - -22?
-21
In base 5, what is -20 + -230?
-300
In base 14, what is -8 - -6b7?
6ad
In base 10, what is -4 - 170?
-174
In base 8, what is 3 + -35?
-32
In base 11, what is -10 + -1?
-11
In base 3, what is 11 + -210220?
-210202
In base 7, what is 3 + -3465?
-3462
In base 16, what is -6 + -52?
-58
In base 7, what is -260 + -16?
-306
In base 6, what is -534 + -4?
-542
In base 11, what is 1820 - 5?
1816
In base 16, what is 5 + 89?
8e
In base 12, what is -17 - -69a?
683
In base 8, what is 41 + -1037?
-776
In base 11, what is -9aa - 3?
-a02
In base 5, what is -1010023 + -2?
-1010030
In base 15, what is -1 + -59?
-5a
In base 2, what is -100 + -1001110100?
-1001111000
In base 6, what is -551 - -13?
-534
In base 12, what is -3 + 172?
16b
In base 7, what is -25 - 21?
-46
In base 5, what is 10120 + 10?
10130
In base 7, what is -1122 + 5?
-1114
In base 2, what is 1111 - -1?
10000
In base 2, what is 10 - -1111?
10001
In base 9, what is 7346 - 0?
7346
In base 2, what is 1 - -1110?
1111
In base 11, what is -1 - -5a9?
5a8
In base 8, what is -26 + -266?
-314
In base 4, what is 123 + 21?
210
In base 2, what is -111 + -1100?
-10011
In base 13, what is -6a + -3a?
-a7
In base 12, what is -1 + 82a?
829
In base 14, what is -2 - -2?
0
In base 14, what is 0 - 5a8?
-5a8
In base 16, what is -18 - -8?
-10
In base 11, what is -2 - 3?
-5
In base 5, what is 40 - -3034?
3124
In base 15, what is -5 + -96?
-9b
In base 7, what is -54 + -6?
-63
In base 4, what is 103302 - 2?
103300
In base 3, what is -2 + -10222101?
-10222110
In base 10, what is 0 + -627?
-627
In base 8, what is -3 + -63?
-66
In base 15, what is -4 + -4a?
-4e
In base 6, what is 341 + -50?
251
In base 5, what is 120 - -241?
411
In base 16, what is 4 - -24f?
253
In base 9, what is -2508 + -4?
-2513
In base 13, what is 3 - 0?
3
In base 3, what is 1001120201 + 11?
1001120212
In base 6, what is 4145 - -5?
4154
In base 6, what is -50 - 2142?
-2232
In base 7, what is 0 - -3034?
3034
In base 5, what is -24 - 120?
-144
In base 12, what is 0 - -24a5?
24a5
In base 13, what is -3 - 51?
-54
In base 4, what is 21 - -332?
1013
In base 8, what is -11 - -27?
16
In base 9, what is -4 + 1647?
1643
In base 13, what is -26 + 6?
-20
In base 13, what is 9 + c?
18
In base 11, what is -5854 + -2?
-5856
In base 13, what is -1b - 5?
-23
In base 11, what is 3 - -a?
12
In base 6, what is 32 - -15?
51
In base 4, what is -1033 + -1011?
-2110
In base 11, what is 5 - -22?
27
In base 2, what is 11 - 10010110111?
-10010110100
In base 7, what is -1014 + -1?
-1015
In base 3, what is 1001222 + -110?
1001112
In base 2, what is 1 + -10001?
-10000
In base 14, what is -29 - 63?
-8c
In base 13, what is 25 - -69?
91
In base 13, what is 3 - -238?
23b
In base 7, what is -5 - -45?
40
In base 10, what is -19 + 0?
-19
In base 16, what is -d38 - 3?
-d3b
In base 9, what is 45 + -38?
6
In base 15, what is 3 - 145?
-142
In base 16, what is -4b - -5?
-46
In base 10, what is -36 + 5?
-31
In base 9, what is -46 - 138?
-185
In base 13, what is -4 - -428?
424
In base 8, what is 1100 - -1?
1101
In base 7, what is -1 - -24?
23
In base 3, what is -102210 + -2?
-102212
In base 8, what is 5 - 5216?
-5211
In base 16, what is -7c - 2?
-7e
In base 6, what is 0 - -4305?
4305
In base 16, what is -1 + 25?
24
In base 8, what is 10002 - 2?
10000
In base 15, what is 10 - 20c?
-1ec
In base 13, what is -8a + -4?
-91
In base 10, what is 1 - -5?
6
In base 7, what is -4 - 240?
-244
In base 5, what is 2 - -4002?
4004
In base 7, what is 3 - 453?
-450
In base 5, what is 11 - 21243?
-21232
In base 10, what is 25 - 59?
-34
In base 3, what is 220 - -100?
1020
In base 11, what is 0 + -33?
-33
In base 12, what is -4 - -1490?
1488
In base 10, what is 1 - 1808?
-1807
In base 15, what is -5 - 129?
-12e
In base 3, what is -1002 - -111100?
110021
In base 10, what is 39 - 2?
37
In base 2, what is -100 + -101111?
-110011
In base 6, what is -4 + 30250?
30242
In base 3, what is 10001000 - 10?
10000220
In base 6, what is 0 + 10450?
10450
In base 13, what is -46 + -7?
-50
In base 4, what is -30 - -1?
-23
In base 2, what is 1111001 + 10000?
10001001
In base 6, what is 2131 + -3?
2124
In base 10, what is -4 - -62?
58
In base 5, what is 121423 + 3?
121431
In base 10, what is 1023 + -1?
1022
In base 10, what is 426 + 12?
438
In base 11, what is -1 + -734?
-735
In base 13, what is 5 - -1348?
1350
In base 12, what is 77 - 8a?
-13
In base 6, what is 1 - -254?
255
In base 8, what is -2 - -261?
257
In base 2, what is -1011 - -100011001?
100001110
In base 12, what is 416 - 1?
415
In base 3, what is 1 + 100112?
100120
In base 12, what is 0 + -517?
-517
In base 11, what is 4 - 232?
-229
In base 14, what is bb + 8?
c5
In base 4, what is 2102103 - 10?
2102033
In base 4, what is -3101 - -12?
-3023
In base 4, what is 2 - -121?
123
In base 12, what is 772 + -5?
769
In base 10, what is -1852 + 4?
-1848
In base 10, what is 51 - -273?
324
In base 10, what is -4 + 44?
40
In base 13, what is 63 + 24?
87
In base 11, what is 3 + -78?
-75
In base 10, what is 8 - 25?
-17
In base 13, what is 22 + 77?
99
In base 8, what is -4 + 7?
3
In base 6, what is 5534 + 5?
5543
In base 15, what is -17 + -8?
-20
In base 14, what is a1 + 5?
a6
In base 4, what is -120 + -11?
-131
In base 11, what is 2748 - -3?
2750
In base 14, what is -1377 + -4?
-137b
In base 7, what is -3 - 32?
-35
In base 10, what is 3 + -12?
-9
In base 9, what is 0 + 31?
31
In base 10, what is 36 + 6?
42
In base 4, what is -32 - 220?
-312
In base 8, what is 4712 + 7?
4721
In base 6, what is -4 - -31?
23
In base 7, what is -210 - -2?
-205
In base 10, what is -1 + -546?
-547
In base 4, what is -2 - 1101?
-1103
In base 9, what is 3 + -4520?
-4516
In base 4, what is 113 - 2?
111
In base 14, what is -6b - -8?
-63
In base 5, what is 4 + 3323?
3332
In base 4, what is 3 - -30?
33
In base 10, what is 933 + -2?
931
In base 2, what is 1010 + -11?
111
In base 5, what is 1 - 224?
-223
In base 15, what is -8b5 + 1?
-8b4
In 